ase 13) to base 9
-68
-13 (base 9) to base 15
-c
What is -6 (base 11) in base 16?
-6
What is 18 (base 12) in base 6?
32
b (base 13) to base 14
b
1 (base 16) to base 2
1
What is -5 (base 8) in base 12?
-5
What is -1 (base 12) in base 9?
-1
10 (base 12) to base 3
110
What is 1320 (base 5) in base 7?
420
-2 (base 3) to base 15
-2
Convert -32 (base 13) to base 5.
-131
What is -2030 (base 4) in base 7?
-260
Convert 117 (base 9) to base 5.
342
63 (base 7) to base 13
36
What is -31 (base 6) in base 8?
-23
-110100 (base 2) to base 11
-48
3 (base 5) to base 16
3
What is 7 (base 12) in base 3?
21
Convert -10 (base 3) to base 12.
-3
What is 61 (base 15) in base 5?
331
-2 (base 8) to base 4
-2
93 (base 14) to base 3
11210
What is 201 (base 9) in base 15?
ad
Convert 33 (base 14) to base 6.
113
Convert 1a (base 13) to base 6.
35
What is 1 (base 11) in base 2?
1
Convert 42 (base 10) to base 12.
36
Convert -46 (base 9) to base 10.
-42
-83 (base 10) to base 16
-53
0 (base 3) to base 8
0
-27 (base 11) to base 3
-1002
Convert -1024 (base 5) to base 12.
-b7
Convert -120 (base 3) to base 2.
-1111
Convert 13 (base 9) to base 12.
10
-1220 (base 3) to base 15
-36
What is -3 (base 6) in base 15?
-3
Convert -18 (base 9) to base 3.
-122
Convert -3 (base 4) to base 13.
-3
Convert 13 (base 10) to base 7.
16
-1 (base 13) to base 5
-1
Convert 20 (base 10) to base 13.
17
Convert 9 (base 16) to base 9.
10
Convert 141 (base 11) to base 7.
325
What is 0 (base 12) in base 2?
0
-10 (base 6) to base 15
-6
10 (base 8) to base 12
8
-2 (base 5) to base 4
-2
What is -14 (base 15) in base 2?
-10011
What is -220 (base 6) in base 12?
-70
1bb (base 12) to base 3
101122
What is -6 (base 13) in base 8?
-6
Convert -30 (base 6) to base 15.
-13
What is 3e (base 15) in base 7?
113
Convert -3 (base 13) to base 6.
-3
Convert -111 (base 5) to base 11.
-29
What is -85 (base 9) in base 8?
-115
1 (base 5) to base 2
1
Convert 4 (base 7) to base 5.
4
What is -54 (base 15) in base 10?
-79
Convert 6c (base 15) to base 3.
10210
Convert 22 (base 3) to base 15.
8
171 (base 9) to base 12
101
What is 1001000 (base 2) in base 11?
66
Convert -2 (base 3) to base 16.
-2
Convert -5 (base 13) to base 7.
-5
-2 (base 10) to base 16
-2
Convert 2 (base 5) to base 7.
2
Convert 0 (base 15) to base 7.
0
What is -15 (base 11) in base 3?
-121
0 (base 7) to base 8
0
What is 4 (base 5) in base 10?
4
What is 11 (base 5) in base 12?
6
25 (base 7) to base 9
21
7 (base 10) to base 3
21
Convert 330 (base 5) to base 7.
156
What is 0 (base 15) in base 7?
0
-6 (base 9) to base 6
-10
Convert 4 (base 13) to base 10.
4
What is -10 (base 4) in base 3?
-11
Convert -53 (base 8) to base 2.
-101011
What is 2 (base 15) in base 16?
2
Convert 3 (base 11) to base 4.
3
2 (base 13) to base 11
2
520 (base 6) to base 4
3000
What is -109 (base 15) in base 13?
-150
Convert 1 (base 4) to base 12.
1
What is 200 (base 6) in base 3?
2200
What is -126 (base 8) in base 13?
-68
Convert 3 (base 8) to base 13.
3
Convert -2 (base 16) to base 14.
-2
Convert -1 (base 5) to base 3.
-1
What is 1 (base 13) in base 11?
1
Convert -1a (base 11) to base 4.
-111
-6 (base 8) to base 3
-20
What is -1001 (base 2) in base 4?
-21
What is -62 (base 11) in base 10?
-68
What is -10 (base 3) in base 10?
-3
Convert 3 (base 16) to base 11.
3
Convert 550 (base 7) to base 15.
13a
What is 303 (base 7) in base 11?
127
4 (base 10) to base 15
4
Convert 335 (base 7) to base 13.
104
What is 37 (base 10) in base 13?
2b
-12 (base 4) to base 12
-6
What is -63 (base 8) in base 15?
-36
-1ba (base 12) to base 13
-190
Convert 101112 (base 3) to base 9.
345
Convert 7b (base 14) to base 15.
74
Convert -4 (base 14) to base 11.
-4
Convert -190 (base 11) to base 16.
-dc
Convert 2 (base 8) to base 10.
2
Convert c (base 13) to base 8.
14
73 (base 13) to base 7
163
110110 (base 2) to base 16
36
What is -352 (base 6) in base 4?
-2030
-2 (base 12) to base 5
-2
-1 (base 3) to base 5
-1
18 (base 14) to base 13
19
What is -120 (base 8) in base 2?
-1010000
-54 (base 7) to base 15
-29
What is 3c (base 13) in base 16?
33
3 (base 4) to base 6
3
-16 (base 8) to base 9
-15
What is -1110111 (base 2) in base 10?
-119
-4 (base 13) to base 6
-4
Convert 22 (base 15) to base 11.
2a
ab (base 15) to base 3
12222
b (base 13) to base 15
b
What is 1122 (base 3) in base 14?
32
What is 50 (base 8) in base 9?
44
What is 1011 (base 2) in base 14?
b
Convert 1101011 (base 2) to base 7.
212
What is 3 (base 15) in base 4?
3
-2 (base 15) to base 7
-2
Convert -9 (base 15) to base 3.
-100
Convert -30 (base 16) to base 9.
-53
What is 4 (base 12) in base 10?
4
What is 15 (base 14) in base 6?
31
Convert -5 (base 6) to base 10.
-5
-6 (base 14) to base 8
-6
Convert -1 (base 9) to base 3.
-1
-13 (base 16) to base 8
-23
8 (base 13) to base 15
8
Convert 11 (base 10) to base 6.
15
-8f (base 16) to base 10
-143
What is d (base 14) in base 9?
14
What is -148 (base 10) in base 4?
-2110
What is -50 (base 9) in base 13?
-36
Convert 10010 (base 2) to base 15.
13
Convert -33 (base 8) to base 16.
-1b
-103 (base 16) to base 9
-317
10 (base 5) to base 16
5
Convert 150 (base 15) to base 16.
12c
Convert 11110100 (base 2) to base 16.
f4
1 (base 8) to base 13
1
Convert 22 (base 4) to base 10.
10
What is -22 (base 3) in base 12?
-8
Convert 20 (base 8) to base 4.
100
3 (base 11) to base 3
10
-2 (base 9) to base 3
-2
-10 (base 3) to base 13
-3
Convert 1 (base 2) to base 12.
1
What is -a (base 12) in base 7?
-13
What is 104 (base 10) in base 5?
404
What is -11122 (base 3) in base 13?
-98
-340 (base 5) to base 4
-1133
What is 3 (base 16) in base 2?
11
Convert 12 (base 4) to base 16.
6
Convert -4 (base 14) to base 7.
-4
-1122 (base 5) to base 13
-c6
Convert -31 (base 15) to base 5.
-141
34 (base 11) to base 3
1101
Convert -5b (base 16) to base 9.
-111
-35 (base 10) to base 12
-2b
-11000101 (base 2) to base 9
-238
What is 0 (base 7) in base 12?
0
What is 21 (base 3) in base 16?
7
Convert -313 (base 5) to base 15.
-58
What is -2204 (base 5) in base 13?
-1a5
-5 (base 7) to base 10
-5
Convert -3 (base 4) to base 9.
-3
What is 24 (base 11) in base 4?
122
Convert -35 (base 9) to base 11.
-2a
Convert 100 (base 3) to base 12.
9
Convert -101101010 (base 2) to base 16.
-16a
What is 421 (base 5) in base 14?
7d
Convert 7 (base 11) to base 13.
7
12 (base 16) to base 4
102
What is 10 (base 11) in base 12?
b
Convert 2 (base 11) to base 15.
2
What is -a (base 16) in base 8?
-12
5 (base 6) to base 5
10
-13 (base 4) to base 7
-10
-112 (base 3) to base 5
-24
Convert 4 (base 11) to base 5.
4
Convert 10 (base 3) to base 8.
3
What is -102 (base 5) in base 16?
-1b
133 (base 4) to base 2
11111
-7 (base 13) to base 9
-7
What is 42 (base 9) in base 3?
1102
What is -121 (base 6) in base 7?
-100
111 (base 3) to base 16
d
What is 3 (base 6) in base 10?
3
What is 232 (base 10) in base 13?
14b
Convert -4 (base 12) to base 16.
-4
-13 (base 7) to base 8
-12
What is 11 (base 16) in base 2?
10001
What is 12 (base 6) in base 8?
10
What is -1c (base 15) in base 9?
-30
-13 (base 8) to base 4
-23
-14 (base 7) to base 13
-b
-9 (base 16) to base 14
-9
Convert 0 (base 9) to base 15.
0
What is -4 (base 15) in base 7?
-4
What is -2 (base 14) in base 6?
-2
-1 (base 14) to base 6
-1
Convert -4 (base 15) to base 5.
-4
Convert -4 (base 5) to base 7.
-4
What is 1221 (base 3) in base 5?
202
What is 3a (base 12) in base 4?
232
105 (base 7) to base 11
4a
Convert 1 (base 9) to base 12.
1
What is -13 (base 4) in base 2?
-111
Convert 12 (base 7) to base 14.
9
What is -11 (base 2) in base 8?
-3
Convert -7 (base 10) to base 15.
-7
Convert -15 (base 15) to base 16.
-14
Convert -1 (base 3) to base 2.
-1
163 (base 7) to base 8
136
Convert 124 (base 7) to base 4.
1003
What is d (base 16) in base 6?
21
What is 11 (base 8) in base 7?
12
Convert 8 (base 14) to base 11.
8
What is 5 (base 8) in base 10?
5
Convert 3 (base 8) to base 10.
3
What is 35 (base 6) in base 16?
17
What is 10 (base 13) in base 7?
16
-3 (base 15) to base 8
-3
Convert 3 (base 14) to base 5.
3
What is -1000 (base 3) in base 16?
-1b
8 (base 10) to base 14
8
10 (base 9) to base 12
9
Convert -1 (base 9) to base 6.
-1
Convert -3a (base 14) to base 3.
-1221
What is -6 (base 14) in base 11?
-6
Convert -1000011 (base 2) to base 15.
-47
What is -7 (base 12) in b